 = -3*l + 3664*g. Calculate the greatest common divisor of l and 1536.
48
Suppose -134*n = -11*n + 1854 - 4560. Suppose 0 = -3*l + 19 + 11. Calculate the highest common divisor of n and l.
2
Suppose 2*y = 5*t - 1311, 0 = 2*y - 0 + 6. What is the highest common divisor of 232 and t?
29
Suppose -560 = -37*m + 180. Let n(l) = -l**3 + 18*l**2 + 41*l - 10. Let w be n(m). What is the highest common divisor of w and 530?
10
Let x be (1 - 7/3)/(34/(-459)). Suppose 0 = -f - 2*q + 12 - 1, 3*f = -3*q + x. What is the greatest common divisor of 7 and f?
1
Let a be 4880/(-915)*(-15)/2. Calculate the greatest common factor of 1620 and a.
20
Suppose 5*w - 600 = 1495. Suppose 4*c = -w + 431. Suppose -5*j = -2*z - 0*j + 106, -2*z - 2*j = -92. Calculate the highest common divisor of c and z.
3
Suppose -5*z = -u - 99, 128 - 179 = -3*z + 2*u. Calculate the highest common divisor of z and 91.
7
Suppose 2*z + 16 - 16 = 0. Let f be (-10 - -5) + 15 + z. Calculate the greatest common divisor of 70 and f.
10
Let g = 4991 - 3955. Calculate the greatest common divisor of g and 592.
148
Let i(c) = -2*c**3 - 212*c**2 + 209*c - 424. Let p be i(-107). Calculate the highest common divisor of 2479 and p.
37
Suppose -4*r - 53 = -3*r. Suppose -364 = -4*f - 2*w, 180*w + 86 = f + 178*w. Let n = r + f. What is the greatest common divisor of 37 and n?
37
Let j be (18/(-15))/(((-8)/20)/1). Let q be (84 - (4 - j))*(-5 + 6). Let t = q - 55. Calculate the highest common divisor of t and 4.
4
Let s(z) = z**2 + 16*z + 41. Let k be s(-14). Suppose 2*f - 525 = -k*f. What is the greatest common divisor of f and 7?
7
Let i = 1161 - 903. What is the greatest common divisor of i and 1720?
86
Let h = -97 + 129. Let p be 9/4*(-192)/(-9). Let i be 36/(-1)*p/(-18). Calculate the highest common factor of h and i.
32
Let t(a) = -16*a**3 - a**2 + 45*a + 201. Let p be t(-15). What is the greatest common factor of 327 and p?
327
Suppose -y - 1024 = -4*q, 5*y = 2*y. Let w = 60717 - 60709. Calculate the highest common factor of w and q.
8
Suppose 5*z + 25 = 280. Let r(s) = s**2 + 4*s - 18. Let x be r(-13). Let p = x + z. What is the highest common factor of p and 6?
6
Suppose 4*p + 12 = 0, 764*i - 761*i + 5*p - 51 = 0. Let d = 85 + -19. Calculate the highest common factor of d and i.
22
Suppose -624 = -74*a - 4*a. Calculate the greatest common factor of a and 1448.
8
Let l be 13/(-2)*860/6*(-114)/95. What is the greatest common factor of 516 and l?
86
Let d(x) = x**3 + 16*x**2 - 194*x - 18. Let a be d(-24). Calculate the highest common factor of a and 120.
30
Suppose 862*y = 871*y - 342. What is the greatest common divisor of 3002 and y?
38
Let v = 122 - 119. Suppose 108 = v*u - 918. What is the greatest common factor of 18 and u?
18
Suppose 2 = -0*i + i. Suppose 5*t + 341 = -3*y, 0 = -i*t - 2*y + 6 - 144. Let c = t + 73. Calculate the greatest common factor of c and 24.
6
Let a(h) = -11*h**2 - 40*h + 147. Let j(l) = 6*l**2 + 20*l - 74. Let r(m) = -3*a(m) - 5*j(m). Let p be r(7). What is the highest common factor of 27 and p?
27
Let v = 413 + -403. Let z = -81 - -23. Let x be (z - 7)*(-4)/v. What is the greatest common divisor of 234 and x?
26
Let g(f) = -3*f**2 + f - 2. Let d be g(4). Suppose 10*p + 414 = 3*k + 6*p, 2*k - p - 281 = 0. Let c = d + k. What is the highest common factor of c and 12?
12
Let i be 3/(9/(-825)) + 4. Let z = -171 - i. Calculate the highest common divisor of 125 and z.
25
Suppose 11 = 3*w - 5*v, 40*v - 37*v + 9 = 2*w. Let l(r) = r**3 - 6*r**2 + 6*r. Let u be l(6). Calculate the highest common divisor of w and u.
12
Suppose -5*n + 5*f + 510 = 0, -208*n + 2*f = -209*n + 84. Calculate the greatest common factor of 27744 and n.
96
Let n be (-12 - -5)/7*-13 - 1. Calculate the highest common factor of n and 10524.
12
Let z be (0 - 1/(-2))*-192. Let c be 2/5 - z/10. Let m(i) = -i**3 - 22*i**2 + 101*i - 68. Let x be m(-26). What is the greatest common divisor of c and x?
10
Suppose 6 = -3*i, -5*a + 0*i - i = -2113. Let j(c) = 4*c + 67. Suppose 7*f - 129 = -164. Let l be j(f). Calculate the highest common divisor of a and l.
47
Let r be -13 - -14 - (-2 - (-2 - -3)). Suppose -l + v = 4*v - 28, -r*l + 3*v = -67. What is the highest common factor of l and 171?
19
Let j be (26/5)/((-6)/(-15)). Suppose 6*c + 19 = 8*c - 5*d, 0 = 5*d - 5. Suppose c*h + 1859 = 23*h. What is the highest common factor of j and h?
13
Let o be 1 + -3 - (0/5 - -2). Let b be (-1 + (-42)/1)*(-1 + o). Calculate the greatest common factor of 86 and b.
43
Suppose 2*j + 3*u + 1874 = 0, 0*j + u = 4*j + 3720. Let g = j - -1001. Calculate the greatest common divisor of g and 63.
7
Let l be 3 - 5 - (-2 - 105). Suppose h + f - 251 = 5*f, -3*h + 3*f + 708 = 0. What is the greatest common divisor of l and h?
21
Let u(b) = -2*b**3 + 75*b**2 + 79*b - 1477. Let x be u(38). What is the greatest common divisor of 10746 and x?
27
Let t = -10322 - -12737. What is the greatest common factor of t and 240?
15
Let x be (184/(-5))/((-6)/(-10) - 1). Let q = 1111 + -697. What is the greatest common divisor of x and q?
46
Let i = -339 + 89. Let g = 340 + i. Calculate the highest common factor of 60 and g.
30
Suppose 13*q + 5*q - 1692 = 0. Suppose 0 = -13*p - q + 16. Let h(a) = -45*a + 27. Let n be h(p). Calculate the highest common divisor of n and 27.
27
Let r be 29/(2/((-4)/(-2))). Suppose -62*j = -131*j + 57*j + 1740. Calculate the greatest common factor of j and r.
29
Let a be (3/(-4 - -7))/(((-57)/3330)/(-19)). Calculate the greatest common factor of a and 3108.
222
Let b = 187 - 187. Suppose 3*n - 2*i - 10 = 0, b = -3*n - 31*i + 29*i + 14. Calculate the greatest common factor of 1 and n.
1
Let i(a) = 41*a**2 - 3*a + 9. Let w be i(4). Suppose -w = -5*d + 257. Suppose -d = -6*m + 238. What is the highest common divisor of m and 14?
14
Suppose -2145 = -3*n + 5*m - 409, -2*n - 5*m + 1124 = 0. Calculate the greatest common factor of 3289 and n.
143
Suppose 3*d = -5*w + 308, -984*d = 4*w - 989*d - 276. Calculate the greatest common divisor of 68 and w.
4
Let y(f) = 6*f**3 - 4*f**2 + 4*f. Let i be y(3). Let c = -75 + i. Let q be 2/(-9) - (-140)/c. What is the greatest common factor of q and 18?
2
Suppose 0 = 6*j - 4*j. Suppose 13*d + 15*d - 84 = j. Let k = 66 + -33. What is the greatest common factor of d and k?
3
Let l(c) = 36*c**2 + 3*c - 19. Let j be l(5). What is the greatest common factor of j and 112?
112
Let q(a) = a**2 - 151*a + 3444. Let t be q(23). What is the highest common factor of 11750 and t?
250
Suppose 3*p = -2*s - 0*s + 36, p + 3*s - 19 = 0. Suppose 3*o - 16 - 5 = 0. Suppose 2*x = o*x - 550. What is the highest common divisor of p and x?
10
Let k = -7410 + 7411. Suppose -r = -0*r - 2. Let a be (-12)/(-14) - r/(-14). What is the greatest common factor of k and a?
1
Suppose 0 = 2*z - 3*m - 22, 0 = -z + 2*m + 37 - 25. Suppose 4*b = 83 + 29. Calculate the greatest common factor of b and z.
4
Let f(q) = -4*q - 60. Let a be ((-51)/(-6) + -8)*-46. Let b be f(a). Calculate the greatest common factor of b and 56.
8
Let y = -72 + 192. Suppose -2*u + b = 5*b - 36, 5*u = b + 68. Let v = 1 + u. What is the highest common divisor of v and y?
15
Let l = 37 - 4. Let q = -327 - -254. Let b = 84 + q. Calculate the highest common divisor of b and l.
11
Let l = -677 + 309. Let d = -228 - l. Let q(w) = w**3 - 3*w**2 + 4. Let p be q(4). What is the greatest common factor of d and p?
20
Suppose -156 = -5*p - 51. Let x be (2 + (-26)/(-8))*12948/22659. Calculate the highest common divisor of p and x.
3
Let w(m) = m**3 - 8*m**2 + 15*m - 54. Let n be w(7). Suppose -n*b = -3*x - 5*b + 900, -5*x = b - 1496. What is the highest common divisor of 23 and x?
23
Suppose -10*g + 2367 + 33 = 0. Let c be 22380/g - (-1)/(-4). Calculate the highest common divisor of 31 and c.
31
Let l(s) = 5*s**2 + 6*s. Let d be l(-6). Let r be 40 + (-13 - -10 - 2*-1). Suppose r*j + 18 = 40*j. What is the greatest common factor of j and d?
18
Let d be (1 - -464) + 1665/(-185). Suppose 4*o - 248 = -4*i, 3*o - o = 4*i + 94. Calculate the highest common factor of d and o.
57
Let c(h) = -h**3 + 7*h**2 + 31*h + 10. Let o be c(10). Calculate the highest common divisor of o and 17.
1
Suppose 0 = -4*a - 2*q + 528, -555*a + 560*a - 4*q = 621. What is the greatest common divisor of a and 3